 66. Is g composite?
False
Suppose -5*a + 4*b = -0*b - 36, 3*a + 2*b = 4. Suppose 3*z - 6 = 0, a*o - 2*o + 4*z = 8. Suppose -5*i + 141 + 49 = o. Is i prime?
False
Suppose 5*q = -4*g + 2230 + 2964, 12 = -3*g. Is q a prime number?
False
Suppose 5*l + 3*f - 679 - 702 = 0, 0 = -5*l - 5*f + 1375. Is l a composite number?
True
Let x be -1 + -4*3/(-2). Let m(v) = -4*v**2 - 6*v + 8. Let j(b) = -3*b**2 - 6*b + 7. Let t(g) = x*j(g) - 4*m(g). Is t(6) a prime number?
True
Suppose -z - 448 = -3*z. Suppose -2*a = 3*s - 113, 3*a - 4*s + z = 7*a. Is a a composite number?
True
Let v be (2/(-5))/(5/50). Let k(z) = z**3 - 4*z**2 + 3*z + 8. Let o be k(6). Is 0 + (-2)/(v/o) a prime number?
False
Suppose 2*r + 24 = 6*r. Suppose 2*t + 0*t = r. Is 67/(-1)*(-3)/t prime?
True
Suppose h = -12 - 1. Let y(s) = -s + 2*s**2 + 10 - 4*s**2 + 11*s + 3*s**2. Is y(h) a prime number?
False
Let v(q) = q**2 + 20*q + 2. Is v(17) prime?
True
Suppose -r = -2 + 1. Suppose -4*y + r = -7. Suppose 3*u = y*u + 19. Is u a prime number?
True
Suppose 4*t - 5*t = -5. Suppose -t*g + n + 20 + 39 = 0, -31 = -g + 5*n. Is g a prime number?
True
Suppose -v + 4 = 3*v. Let r = 6 - v. Let n = 18 - r. Is n prime?
True
Suppose a + 1 = -6*m + 4*m, -a + 13 = -5*m. Is (-492)/8*(0 + m) a prime number?
False
Let c(q) = 3*q**2 + 8*q + 3. Suppose -5*f + 2*k = 48, 5*k - 2 = -f + 10. Is c(f) a prime number?
True
Suppose 6*b + 900 = 11*b. Let j = b + 239. Is j a prime number?
True
Let a = 3 - 4. Is ((-1)/(1/37))/a a composite number?
False
Is (1 - 2)/(-1) + 52 prime?
True
Let o(g) = -g**3 - 2*g**2 + 6*g - 14. Is o(-6) prime?
False
Let v(s) = 2*s**2 + 10*s - 3. Suppose 0 = 3*x - x + 5*h - 53, 2*x + h = 33. Is v(x) a composite number?
True
Suppose 2*z - 754 = t, -3*z - 1153 = -6*z - 4*t. Is z prime?
True
Suppose -4*c + 5*w + 2 = -8, -2*c + 5*w + 10 = 0. Is (178 + c)/((-2)/(-1)) a prime number?
True
Let y(l) = l**2 + 2*l - 4. Let s be y(-4). Suppose -66 = 2*w - 5*w + 3*o, -w + s = 5*o. Is w a prime number?
True
Suppose 4*j - 2*j = -1392. Is j/(-9) + 3/(-9) a prime number?
False
Suppose 5*u + 3*r - 5 = -r, -u + r - 8 = 0. Let q(x) = x**2 - x - 2. Let c be q(u). Let b = c + 3. Is b a prime number?
True
Let j = 7 - 3. Suppose a - 45 = -t, 0 = -j*a + a + 2*t + 115. Suppose z = f + a, 2*z + 4*f + 90 = 4*z. Is z prime?
True
Let q = -26 + 39. Suppose q - 3 = -2*p. Is (p/2 - -2)*-26 a prime number?
True
Let f be -3 + -10*1/(-2). Suppose 4*h = -2*q + 8, -5*q - f*h + 13 + 31 = 0. Suppose 0 = 3*m - 17 - q. Is m composite?
True
Let n(u) = -u**3 - u + 491. Is n(0) a composite number?
False
Suppose 2*l = -4, -4*k + 4*l + 386 = 5*l. Is k a composite number?
False
Is -2*((-2051)/2)/7 a composite number?
False
Let d(s) = 5*s**2 - 6*s + 2. Is d(5) prime?
True
Is 4 - (-549)/((-4)/176*-4) a composite number?
False
Let c be (-9)/45 + 262/10. Is c/(8/(-5) + 2) composite?
True
Suppose -8*u + 3*u - 4*x = -1686, -1650 = -5*u + 5*x. Is u a prime number?
False
Suppose 4*k = -0*k + 236. Is k a prime number?
True
Suppose -w + 1424 + 1259 = 0. Is w a composite number?
False
Suppose j = 3*y + 1060 + 592, -y + 8276 = 5*j. Is (-19)/(-19)*j*1 a composite number?
True
Let l(r) = -r**3 + 8*r**2. Is l(7) a composite number?
True
Suppose j - 3*j + 638 = 0. Is j composite?
True
Let w = 8 - -6. Is w a composite number?
True
Is 2/(4 + 12744/(-3188)) a composite number?
False
Is (-2 - (-43)/3)/((-2)/(-114)) a composite number?
True
Suppose -f + z = -34, 4*f + 3*z - 139 = 4*z. Is f composite?
True
Is (632/(-24))/(2/(-6)) a composite number?
False
Let v = 1061 - 6. Is v a composite number?
True
Let b(f) = f**2 + 7*f + 4. Let g be b(-7). Suppose 2*l + 3*l - g*w + 142 = 0, 72 = -3*l - 2*w. Let u = l - -123. Is u composite?
False
Let q = -8 + 167. Suppose 4*t = -x + 70, -7*t = -3*x - 2*t + q. Is x a composite number?
True
Let s(p) = 214*p**2 - 2*p + 3. Is s(1) a composite number?
True
Let m(c) = 3 + 0 + c + 6. Let z be m(-5). Let n = 19 - z. Is n a prime number?
False
Let l = 136 + -61. Suppose -2*w + v = 2*w - 81, -3*w - 4*v = -l. Is w a composite number?
True
Suppose -5*p + 4*v + 619 = 0, -2*p - v - 81 + 339 = 0. Is p a composite number?
False
Suppose 602 - 1645 = -f. Is f composite?
True
Let t = 6 + -16. Is (-488)/t + (-1)/(-5) a prime number?
False
Let l(f) be the second derivative of 23*f**3/2 - f**2/2 + f. Let a be l(1). Suppose -2*y = -2*j - a - 44, j = -y + 50. Is y a composite number?
False
Suppose 5*r - a - 4 = 0, -3*a + 10 - 2 = 5*r. Is (0 - (r - 0))*-127 a composite number?
False
Let w = 3 + -7. Let j = w - -26. Is j prime?
False
Let t = -127 - -201. Is t composite?
True
Let w(f) = 0*f**2 - f**2 - f**2 - 2*f + 5 + 3*f**2. Is w(8) a composite number?
False
Let k = -6 - -10. Let r be (-12)/(-2) - 0/3. Suppose -118 = -k*a + r. Is a prime?
True
Let t(z) = z**3 + 8*z**2 + 4*z - 6. Let n be t(-7). Suppose 4*r + 2*p - 1 - n = 0, 0 = -3*p + 12. Suppose a - 35 = -2*v, 0 = r*a - 3*a - 5*v + 41. Is a prime?
True
Suppose -l - 3*l + 1228 = 0. Is l prime?
True
Suppose -3*o + 4*z + 1679 = 0, -3*o - 252 + 1921 = z. Is o composite?
False
Let j(o) = -o - 4. Let w be j(-3). Is 812/21 - w/3 composite?
True
Suppose 18 = 4*n + 2. Suppose n*t + 0*t = 1348. Is t composite?
False
Let y be (-45)/6 + 1/(-2). Let b = y + 29. Is b composite?
True
Let g(y) = 3*y**2 - 8*y + 11. Is g(6) composite?
False
Let u(t) = t + 15. Let o be u(-12). Suppose -2961 = -4*p - o*q - 436, -3*p = 3*q - 1890. Is p composite?
True
Let q be (-10)/(-15)*186/4. Suppose -3*o + 3*c = -0*c - 9, 3*c - q = -5*o. Suppose o*z = 3*z + 28. Is z a composite number?
True
Suppose -4*i = -i - 9. Let d = i + -7. Is d/(-4) + (41 - -1) a composite number?
False
Let c = 191 + -108. Is c composite?
False
Let d = -990 + 1802. Suppose -5*f + 3*t = -d, -818 = 3*f - 8*f - 3*t. Is f prime?
True
Let r = 0 - -3. Suppose r*i - 115 = 32. Is i a composite number?
True
Is ((-191)/3)/(3/(-45)) a composite number?
True
Suppose -5*d = -0*d - 215. Let j = d + -24. Is j a prime number?
True
Let g(x) = 2*x**3 - 8*x**2 - 13*x - 6. Let b(z) = -5*z**3 + 16*z**2 + 27*z + 11. Let k(c) = 3*b(c) + 7*g(c). Let p be k(-7). Is 80/6 - p/(-18) composite?
True
Let d(c) = 2*c - 12. Let y be d(8). Suppose 2 = 3*r + m - 2, 2 = 5*r + y*m. Suppose p + 1 = 0, 1 - r = t + 4*p. Is t composite?
False
Let n(s) = s**3 + 7*s**2 - 9*s. Let l be n(-8). Suppose -2*g + 85 = 3*r, 2*g - 3*r = -l*r + 91. Is g composite?
True
Suppose -2*f - 6 = 2*i, -3*f + 0*f = 5*i + 19. Suppose -f*g + 268 = 38. Suppose 4*z - 17 - g = 0. Is z a composite number?
True
Suppose 2*r = -2*r + 236. Is r prime?
True
Let g(t) be the second derivative of 4*t**3 + 2*t**2 + 2*t. Let i(b) = -12*b - 2. Let n(x) = 2*g(x) + 5*i(x). Is n(-2) a prime number?
False
Let c(n) = -7*n - n**2 - 2*n**2 + 1 + 2*n**2. Let g be c(-7). Let q = 6 + g. Is q prime?
True
Let m(y) = 3*y**2 - 7*y - 2. Let r be m(-6). Suppose -p = -5*p + r. Is p prime?
True
Suppose -4*l - l + 225 = 0. Let n = l + -31. Is n a prime number?
False
Let v(x) = 620*x - 7. Is v(4) composite?
False
Let j(i) = 7 - 6 - 2*i + 6. Let y be j(6). Is (7 + y)/(4/130) composite?
True
Let s = -5 + 10. Suppose s*x = x + 652. Is x prime?
True
Let h be (0 - 2)/(-2)*-68. Let x = 117 - h. Is x composite?
True
Is ((-2)/3)/((-6)/5013) a composite number?
False
Let v(o) = -o**3 + 10*o**2 - 6*o - 1. Is v(8) prime?
True
Suppose v - 4*n = -33, -2*v + 3*n = 5*n + 36. Let p = 12 + v. Is p/6*(-248)/6 composite?
True
Suppose 42 = -j + 4*j. Is j prime?
False
Let o(a) = 580*a**2 + 3*a + 2. Is o(-1) a composite number?
True
Let l(s) = s**3 + 4*s**2 - s - 1. Let j be l(-4). Suppose -j*z = -1 + 16. Let o = 18 + z. Is o prime?
True
Let b = 10 + 2. Let t be b/16 - (-6)/(-8). Suppose t*u + 265 = 5*u. Is u prime?
True
Let c(v) be the third derivative of v**5/10 - v**4/6 - v**3/2 + 4*v**2. Is c(5) prime?
True
Suppose -3*w - 3 = 0, -539 = 4*b - 3*w - 150. Let g = 151 + b. Is g prime?
True
Let a be (4/6)/(2/15). Suppose 0 = 4*b - a*u - 318, -2*b + 0*b = 3*u - 148. Is b prime?
False
Suppose -3*g - 15 = 0, 1603 = o + 2*o + 4*g. Is o a composite number?
False
Let j = 1939 - 1244. Is j composite?
True
Suppose 30 = -9*n + 6*n. Is 1536/20 - 2/n a composite number?
True
Let t = -148 + 291. Is t composite?
True
Suppose b + 3*b + 1560 = 0. Let i = b - -607. Is i composite?
True
Let t(v)